What is the tens digit of 2 - i/(-4) - -60?
6
Let y(r) = 12*r + 105. What is the hundreds digit of y(23)?
3
Let k = 27 + 26. What is the tens digit of k?
5
Suppose -5*v = 4*f + 14, 3*f = 4*v + 1 + 4. What is the units digit of (4/(-4))/((-2)/(-58))*f?
9
Suppose -4*b = 4*z - 12688, 16*z - 19*z = -3*b - 9534. What is the units digit of z?
5
Let i(o) = -4*o + 1. Let q be i(-1). Suppose -60 = w - q*w. What is the tens digit of (2 - 3/1) + w?
1
Suppose -46*g + 49*g = 2568. What is the units digit of g?
6
Let b(p) = 5*p**3 - 3*p**2 - 12*p - 21. Let n(r) = -4*r**3 + 4*r**2 + 11*r + 21. Let v(s) = -5*b(s) - 6*n(s). What is the tens digit of v(-9)?
3
Let m(x) = x**3 + 12*x**2 - 16*x - 19. Let r be (-3)/(12/49) + (-6)/8. What is the units digit of m(r)?
0
Suppose 222 = 5*x + 2*q, q + 155 = 4*x - 20. Suppose -3*v - 5 + x = 0. Let k(j) = -j**3 + 14*j**2 - 11*j + 6. What is the units digit of k(v)?
2
Let v(l) = l**3 + 8*l**2 + 2*l + 11. Let d be v(-8). Let h(a) be the first derivative of -3*a**2/2 + 9*a - 28. What is the tens digit of h(d)?
2
Let i(j) = j**3 + 16*j**2 + 2*j + 29. What is the hundreds digit of i(-12)?
5
Let i(z) = 6*z**3 + 2*z**2 - 11*z + 18. What is the hundreds digit of i(4)?
3
Let u be ((-8)/12)/((-3)/(-432)). Suppose 0*t + 2*t - p = -108, 0 = -4*t + 5*p - 216. Let h = t - u. What is the units digit of h?
2
Let b = -53 + 127. Suppose c = -p - 11 + b, 159 = 3*c - 3*p. What is the units digit of c?
8
Let z(j) = -3*j**3 + 7*j**2 + 21*j + 10. What is the tens digit of z(-6)?
8
Suppose 5*y + 108 = -0*y + 3*m, 5*m - 52 = 3*y. Suppose 0 = 4*r - 3*i - 136, -3*r + 170 = 2*r - 2*i. Let d = y + r. What is the tens digit of d?
1
What is the thousands digit of (-3)/(-18) + (-165053)/(-42)?
3
Let h(y) = -3*y**3 + 2*y**3 + y**2 - 96 + 6*y**2 + 5*y + 89. Suppose -4*k = 2*z - 16 - 2, 2*z - 2*k = 12. What is the tens digit of h(z)?
2
Let b(v) = -v**3 + 4*v**2 + 4*v + 5. Let j be b(5). Let x be (28/(-8) + 4)*56. Suppose j = -4*m + 24 + x. What is the units digit of m?
3
Suppose 0 = -0*c + 3*c - 189. Suppose 0 = -0*p + p - 117. Let b = p - c. What is the units digit of b?
4
Suppose 2*x = 6*x + 88. Let h = 34 + x. Suppose -3*s = -48 - h. What is the tens digit of s?
2
Let h(i) = 26*i**2 + 48*i + 653. What is the units digit of h(-11)?
1
Let v = 31 + -34. What is the tens digit of 369/v*2/(-6)?
4
Suppose 16*s - 19*s + 1622 = -4*o, -4*s = -3*o - 2172. What is the units digit of s?
6
Let d be -1*-6*(-3)/(-6). Suppose 5*p - 70 = -2*f, -f - d*f - 5*p = -150. What is the units digit of f?
0
Suppose l = -l - 4*q + 5178, 2*q = -4*l + 10338. What is the hundreds digit of l?
5
Let l = 42 - -87. What is the tens digit of l?
2
Let c = -1435 - -1772. What is the tens digit of c?
3
Suppose 97 = -2*b + 5*a + 239, -3*b = -4*a - 206. What is the tens digit of b?
6
Suppose -4*v - 118 = 174. Let w = v - -200. What is the tens digit of w?
2
Let y be (-4*4/4)/(-1). Suppose 9 = -c + y*c. Suppose 2*b + 13 = z, -7*z = -c*z + 5*b + 13. What is the units digit of z?
3
Let q(m) = -m**2 - 11*m - 24. Let r be q(-8). What is the tens digit of 0 + 131 + (4 - r/3)?
3
Let s be 1 - (2 + (-6)/2). Suppose -o + 6*d - s*d + 100 = 0, -3*o - 2*d = -272. What is the units digit of o?
2
Suppose 92*c - 96*c + 228 = 0. Suppose -2*u + 287 + c = 0. What is the tens digit of u?
7
What is the thousands digit of (672/12)/(-6*(-6)/1008)?
1
Let c(p) = 14*p - 15. Let h(q) = 1. Let m(o) = c(o) + 3*h(o). What is the hundreds digit of m(13)?
1
Let t(p) = 2*p - 14. Let a be t(14). Let b = -9 + a. Suppose b*x - 30 = 2*d - 88, 0 = -4*d + x + 80. What is the units digit of d?
9
Let m be (3/(-6) - -1)*2*0. Suppose -5*z + 451 = -2*o, m*z + 4*z + 2*o - 350 = 0. What is the tens digit of z?
8
Suppose -40*p = -32*p - 6744. What is the tens digit of p?
4
Suppose f = -5*v + 995, -3*v - 2*f - 337 + 941 = 0. What is the hundreds digit of v?
1
Suppose -110 = -2*u + 3*c, -u + 3*c - 2*c + 53 = 0. What is the tens digit of u?
4
Let z be -1 + -1 + -1 + 3. Suppose 2*l - 6 + z = 0. Suppose 0 = l*x - 45 - 36. What is the tens digit of x?
2
Let y = 746 + 400. What is the units digit of y?
6
Suppose 0 = -2*w + 5*n + 13, -3*n + 32 = 3*w + 2*n. What is the units digit of (-4 + 2 - 0)*(-198)/w?
4
What is the units digit of 46/((-6)/336*-7)?
8
Let c = 238 - 125. What is the tens digit of c?
1
Let s be 0/18 + (5 - 0). Suppose 8 = 4*p, 5*n + p + 2*p = 46. Suppose 12 + n = s*r, -4*u + 24 = -2*r. What is the units digit of u?
8
Suppose -7*t = -0*t - 28. Suppose 0 = -t*q + 500. What is the units digit of q?
5
What is the hundreds digit of -15 - 1512/(-105) - 6878/(-5)?
3
Let v(h) = 16*h**3 + 4*h**2 - 4*h + 16. What is the units digit of v(3)?
2
Suppose 4*j - 5*j - 36 = 0. Let p = -31 - j. What is the units digit of p?
5
Let h(m) = 36*m**2 - 2*m + 1. Let u = -8 + 12. Suppose 3*f - f = -u*w + 6, 5*f = -4*w + 9. What is the units digit of h(f)?
5
Suppose -71 = 4*k - 5*z - 2819, -z = 0. What is the tens digit of k?
8
Let p(j) = 3*j**2 + 8*j + 3. Let u be p(-5). Let w = 22 - u. What is the units digit of (w/(-3) + 3)*6?
0
Let q = 530 + -112. What is the hundreds digit of q?
4
Suppose 5*j - 3*j = 2, -2*j + 63 = d. Let h = 85 - d. What is the tens digit of h?
2
Suppose -2*i = -2*p + 5*p - 9, 0 = 2*p + 3*i - 1. Suppose -30 = -g - g - 4*n, g + 20 = p*n. Suppose 10 = g*w - 20. What is the units digit of w?
6
Let j = -1936 + -279. Let d = -3337 - j. What is the units digit of ((-1)/(-3))/((-11)/d)?
4
Suppose 17*m = 20*m + 45. What is the tens digit of (0 - 190)/(-17 - m)?
9
What is the tens digit of 4 + 4 + (-4 - -359)?
6
Let i be 2/(-6) - 342/27. Let j = i + 15. Suppose 4*l = -k + 44 + 81, -3*l + 95 = j*k. What is the tens digit of l?
3
Let t be 4 + 2 - (0 - -1). Suppose 5 + 5 = t*m. Let a(v) = 6*v**2 - 2*v - 2. What is the tens digit of a(m)?
1
Let k(s) = 11*s - 47*s + 33 + 15*s. What is the tens digit of k(-3)?
9
Suppose y - 6261 = 2*j - 3*j, -2*y + 3*j = -12532. What is the units digit of y?
3
Let y(f) = -12*f**3 + f + 1. Suppose 2*x + 5 = -3*z, 5 = -5*x + 2*x - 2*z. Let v be y(x). What is the units digit of (v/18)/(2/3)?
1
Let y = -495 - -954. What is the tens digit of y?
5
Let b be ((-2)/10)/((-2)/10). Suppose -9 + b = h. Let t(l) = l + 14. What is the units digit of t(h)?
6
Let y = 1491 + -1484. What is the units digit of y?
7
Let a(w) = w**2 + 4*w. Suppose -3*p + 4 = -p. Suppose 0 = -7*f + p*f - 3*k + 3, 2*k - 4 = -4*f. What is the units digit of a(f)?
1
Suppose -12*d + 9*d = 0. Suppose -2*q + 8 + 12 = d. Suppose -3*t = -7*t - j + 134, 5*j = q. What is the units digit of t?
3
Let w(s) = 418*s - 50. What is the tens digit of w(2)?
8
Let p = -161 + 121. What is the units digit of 234*(p/(-12) - 2/1)?
2
Let u = 26 + 12. Let h = 86 - u. What is the tens digit of h?
4
What is the tens digit of 30/120 + (-143)/(-4)?
3
Let o(v) be the second derivative of -v**5/4 + v**4/3 + v**3/3 - v**2/2 + v. Let f be 6/(-18) + -1*5/3. What is the tens digit of o(f)?
5
Let y(z) be the first derivative of z**2 + 26*z + 1. Let x be y(-12). Suppose 0 = x*q - 51 - 53. What is the units digit of q?
2
Suppose -6*a + 872 = -2*a. Let x = 323 - a. What is the tens digit of x?
0
Let h(g) = g**3 + 11*g**2 - 8*g + 6. Let k = -24 + 12. Let a be h(k). Let j = -18 - a. What is the tens digit of j?
2
Let q be 0*(1/(-4))/(5/10). Suppose 2*v = 10, -3*i + 2*i + 5*v - 18 = q. What is the units digit of i?
7
Suppose 20*h - 69*h + 76391 = 0. What is the units digit of h?
9
Suppose 5*y - y = 0. Suppose -w + 4*w - 15 = y. Let g = 1 + w. What is the units digit of g?
6
Let k be -3 + 4 + (3 - -2). Suppose -o + 3*o = k. Suppose 25 = 2*i + o*i. What is the units digit of i?
5
Let m(o) = 9 + 0*o + 6 + o + 5. What is the tens digit of m(-5)?
1
Suppose 42*b = 48*b - 10650. What is the units digit of b?
5
Suppose y + j - 220 = 2*j, -j = 4. Let r = y + -121. Let z = -38 + r. What is the tens digit of z?
5
Suppose 0 = b - 6 + 3. Suppose -u - 4*d + 1 = 7, -4*u + 2*d = -30. Suppose -4*p - 4*f = -96, 0 = -b*p - 4*f + u*f + 47. What is the tens digit of p?
1
Let d = 1289 - 634. What is the tens digit of d?
5
Let r(n) = 2*n**2 + 23*n - 7. Let z be r(-12). Suppose -3*u - h - 95 = -4*u, -z*h + 475 = 5*u. What is the units digit of u?
5
Let a(v) = 5*v**2 + 6*v + 5. Suppose -4*z + 0*z - 12 = 0. Let o be a